ose 5*z - 2*z + 5*i + 11 = 0, 3*i = -5*z + 3. Suppose 2*m + 2*d + 3*d + 5 = 0, -4*m - 3*d = z. What is the tens digit of (50 + -4 + m)/2?
2
Let p = -40 - -42. What is the units digit of p/3 - (1235/(-15) - 0)?
3
Let r(k) = 17*k + 11 - 16*k + 0. Let d be r(-9). Suppose -d*i = -16 - 12. What is the units digit of i?
4
Let y(c) = -2*c + 11. Let d be y(8). Let n = 5 + d. Suppose 3*b - 3*k - 51 = n, 0 = 7*b - 3*b - 2*k - 68. What is the tens digit of b?
1
Suppose 92 = -2*z - 5*l, 3*l - 6*l - 44 = z. Let h = z + 99. What is the tens digit of h?
4
Let p(t) = -t**3 + 28*t**2 - 94*t - 38. What is the hundreds digit of p(21)?
0
Let j = -21 + 14. Let k = j + -45. What is the tens digit of 30/12*k/(-5)?
2
What is the units digit of (-2727)/(-36) + 4/16?
6
Suppose 2*z - 2*x = 148, -4*z + 0*x = x - 301. What is the units digit of 3/((-5)/(z/(-9)))?
5
Let z be (-602)/(-49) - (-1)/((-7)/2). What is the tens digit of ((-4)/z)/(-1)*75?
2
Let t be 0 + 4 + (-11 - -8). Let w = t + 3. Suppose -80 = -w*i - i. What is the units digit of i?
6
Let r(g) = -10*g + 9. Let z be r(-3). Let y = z - -52. What is the units digit of y?
1
Let w(t) = -2*t - 20. Let m be w(-8). What is the units digit of (m - -6)/(2/27)?
7
Let w = 3969 - 459. What is the hundreds digit of w?
5
Suppose 6753 = 5*o - 7882. What is the units digit of o?
7
Suppose k = -24 + 19. Let p be 1 + k/10*-4. Suppose -p*j + g + 29 = 0, 3*g = 5*j + 8*g - 75. What is the tens digit of j?
1
Let s(i) = -107*i**2 - 2*i + 1. Let h be (-1)/(-1*3/3). Let b be s(h). What is the units digit of b/(-3)*(-12)/(-16)?
7
Let s(f) = -9*f**3 + 7*f**2 - f + 2. What is the tens digit of s(-5)?
0
Let j = 152 - 42. Suppose -3*o - 27 + j = l, 0 = 5*o - l - 149. Suppose 3*g - o = 157. What is the tens digit of g?
6
Let b(n) = -61*n + 7. Let i(k) = 122*k - 13. Let a(t) = 11*b(t) + 6*i(t). What is the tens digit of a(1)?
6
Suppose 3*j - 3*u - 24 = 0, -3*u + 3 = -3. What is the units digit of (-80)/(-4)*((-156)/j)/(-3)?
4
Suppose -4890 = 6*k - 16*k. What is the units digit of k?
9
Suppose -4*z + 1390 = 2*x, 2*z + 0 = 4. What is the units digit of x?
1
What is the units digit of -2032*2*(-3 - (-33)/12)?
6
What is the tens digit of 10/(-115) + ((-16631)/(-23) - -2)?
2
Let z = 10 + -6. Suppose -8 = -3*r + z. Suppose r*h - 6 - 2 = -4*j, 3*h - 2*j - 1 = 0. What is the units digit of h?
1
Let p = 4070 + -2407. What is the units digit of p?
3
Let o be (6 + -2)/((-6)/183). Let n = o - -216. Suppose f = -0*f - 5*m + 13, -4*f + n = -m. What is the tens digit of f?
2
Suppose -232*c + 192*c = -38200. What is the hundreds digit of c?
9
Let r(n) = -3*n + 5. Let z be r(3). Let v be (-54)/z*(-16)/(-12). Let s = 16 + v. What is the units digit of s?
4
Suppose 11*v = 15*v - 60. Suppose -6*b = -b - v. Suppose b*g - 168 = -g. What is the tens digit of g?
4
Suppose 8031 = 6*v - 147. What is the tens digit of v?
6
Suppose 0 = 2*z + 3*z + b - 13, 0 = -2*z - b + 4. Suppose 0*v + r - 616 = -4*v, -z*v - 5*r + 479 = 0. What is the units digit of v?
3
Let n = -4 - 4. Let z be (n/(-12))/(6/99). Suppose -z*s + 10*s + 26 = 0. What is the units digit of s?
6
Let h = 15 - 24. Let d be (-6 - -2) + (-7 - h). What is the units digit of -2*(-34)/4 + d?
5
Suppose 33*t = 13*t + 38500. What is the tens digit of t?
2
Suppose -397*q = -405*q + 16776. What is the thousands digit of q?
2
Let q(f) = -8 - 3 - 3*f**2 + 9*f - 6. Let s be q(8). What is the tens digit of 6/(-27) + s/(-9)?
1
Let k = -76 + 68. Let r(t) = 3*t**2 + 9*t + 8. What is the units digit of r(k)?
8
Suppose -3 + 4 = -c - 5*v, 5*c + 5 = 2*v. Let d(u) = -200*u**3 - 2*u**2 - 5*u - 4. What is the units digit of d(c)?
9
Let m(z) = -z + 26. Let t be m(-9). Let l = -21 - -31. Let u = t - l. What is the units digit of u?
5
Let h(p) be the first derivative of -p**4/4 - 8*p**3/3 + 7*p**2/2 - 13*p + 5. Let f be h(-9). Suppose f*j + 0*j = 120. What is the tens digit of j?
2
Let y = 14 - 3. Suppose 2*w + 0*o - 5*o - 67 = 0, -5*w + 95 = 2*o. Let i = w - y. What is the tens digit of i?
1
Suppose -22 = f - 23. Let l = f - -61. What is the tens digit of l?
6
Let t(n) = -2*n**3 - n**2 + 3*n - 11. Let i(m) = m**3 + m**2 - m + 6. Let g(f) = 5*i(f) + 3*t(f). What is the tens digit of g(-4)?
7
Suppose 110 = z - 57. Suppose 4*h = 4*t - 280, -3*t - 3*h + z = -25. What is the units digit of t?
7
Let i(v) = -v**2 + 4*v + 11. Let r be i(6). Let g(o) = 8*o**2 + 8*o + 7. What is the units digit of g(r)?
7
Let w = 302 - 195. Let x = w + -25. What is the units digit of x?
2
Let h(w) = 260*w + 840. What is the hundreds digit of h(12)?
9
Suppose -29023 = -50*l - 6173. What is the hundreds digit of l?
4
Suppose 5935 = 5*i - 5*p, i - 3*i - 5*p + 2395 = 0. What is the tens digit of i?
9
Suppose 5*u - 11448 = -0*u + 3*x, -5*u = -5*x - 11440. What is the tens digit of u?
9
Suppose 0 = -17*v + 13113 + 5536. What is the hundreds digit of v?
0
Suppose b + 2*b = -12, 0 = -3*h - 3*b - 30. Let w = -16 - h. What is the units digit of w/(-25) + (-96)/(-10)?
0
Let x(u) be the first derivative of -u**3/3 + 3*u**2/2 + 4*u - 1. Let r be x(3). Suppose 3*q + 44 = 5*m, 13 = -3*m - r*q + 51. What is the tens digit of m?
1
Let k(i) = i**2 - 8*i - 17. Let w be k(10). Suppose q - 148 = -w*q. Suppose 113 = 3*g - q. What is the tens digit of g?
5
Suppose -11*r + 11521 = 158. What is the hundreds digit of r?
0
Suppose g + 2 = -3*l + 6*g, 0 = -2*l + 2*g. What is the tens digit of (-176 - 2)*(-7)/14 - l?
8
Let s(w) = 227*w**2 + 11*w + 20. What is the units digit of s(-3)?
0
Suppose 42*f - 4*f - 53352 = 0. What is the units digit of f?
4
Let b = 69 - 47. Suppose 0 = 2*j - b - 54. What is the tens digit of j?
3
Suppose 6 - 17 = -i. Suppose 340 = 16*b - i*b. What is the tens digit of b?
6
What is the tens digit of (0 - -597) + 0 + -2 - -5?
0
Let x(w) = -6*w + 12. Suppose -2 = 5*h - 4*h - 2*r, 0 = 4*r + 4. What is the units digit of x(h)?
6
Let j(g) = 110*g + 52. What is the units digit of j(4)?
2
Let l be ((-10472)/6)/1 + 7/21. What is the units digit of (-4)/(-18) - l/45?
9
What is the tens digit of -8*215/(-60)*3?
8
Let x(c) = -7*c**3 - 6*c**2 + 5*c - 1. Let p(z) = 13*z**3 + 11*z**2 - 9*z + 2. Let d(o) = -4*p(o) - 7*x(o). What is the tens digit of d(-2)?
1
Let c(t) = t**3 + 9*t**2 + 8*t - 6. Let g be (-343)/(-42) - 1/6. Let o = g - 14. What is the units digit of c(o)?
4
Suppose 5*l - 7*j - 4375 = -4*j, 4375 = 5*l - 5*j. What is the tens digit of l?
7
Suppose -b = -6*b - 3*x - 445, 0 = 2*b - x + 178. What is the units digit of (-3*(-2)/(-6))/(1/b)?
9
Let d = 1576 + -976. What is the hundreds digit of d?
6
Suppose 0 = 2*z - 5*z - 24. Let q = z + 108. Suppose -3*f - 5*o = -52, 4*f - 2*o = -o + q. What is the units digit of f?
4
Let g(m) = 11*m**2 - 3*m - 2. Let u be g(-3). Let d(z) = 21*z - 8. Let j be d(4). Let k = u - j. What is the tens digit of k?
3
Suppose 0 = -0*j + 5*j - 85. Let r = j - 9. Let c = r + -5. What is the units digit of c?
3
Let t be (2640/(-140))/(1/(-7)). Suppose -4*r - u = -t, -2*u - 98 = -3*r + 12. What is the tens digit of r?
3
Let j(p) = -p**3 + 7*p - 4*p**2 + 0*p**2 + 0 - 2*p + 4. Let q be j(-5). Suppose 0*s - 40 = -q*s. What is the tens digit of s?
1
Let o = 21 - 74. Let u = -23 - o. What is the units digit of u/(-70) + 185/7?
6
Suppose 3616 = 16*c - 12*c + 3*s, 4*s = 3*c - 2687. What is the hundreds digit of c?
9
Let h(u) = u - 1. Let r be h(4). Suppose -3*s + 6 = 0, -6*i = -i - r*s - 119. What is the tens digit of 238/10 - (-5)/i?
2
Suppose h = 2, 0*i - 3*h = -5*i + 9. Let g be i/(-1) + 2 - -59. Suppose -2*y + 56 = 3*a, -4*y + g = 3*a - 0*a. What is the tens digit of a?
1
Let t be 4 + 6/(-15)*-5. What is the units digit of (t/4)/(6/116)?
9
Suppose 3*k = -2*b + 70, 0 = -5*k - 3*b - 57 + 175. What is the tens digit of k?
2
Suppose 3*w + 137 = 3*p + 599, -163 = -w + 4*p. Let j = w - 82. Let q = j + -18. What is the units digit of q?
1
Suppose -3*v = 4*w - 10, 4*v - w - 9 = -2*w. Let l be (-88)/12*(-48)/88. Suppose 0 = -4*o + l*a + 92, -v*a + 44 = 3*o - 0*a. What is the tens digit of o?
1
Suppose 30*q = 35*q. What is the tens digit of 34 - (1 - q) - 4?
2
Suppose 36 = 2*h + 4*b, 4*h - 2*h - 2*b = 6. Let u = 6 - 6. Let p = h - u. What is the units digit of p?
8
Let m be (-3 + (-2340)/28)*(-1 - -8). What is the tens digit of ((-12)/(-36))/((-2)/m)?
0
Sup